).
71
Let j(h) be the first derivative of 3*h**2 - 10*h + 4 + 1/3*h**3. List the prime factors of j(-9).
17
Let i(u) = u**2 + 8*u - 3. Let n(c) = -c**3 + 7*c**2 - 10*c - 12. Let t be n(5). List the prime factors of i(t).
3, 5
Let g(t) be the first derivative of 8 + t - 3/2*t**2. List the prime factors of g(-4).
13
Let q(h) = -747*h + 523. What are the prime factors of q(-4)?
3511
Let i = 1700 - 943. What are the prime factors of i?
757
What are the prime factors of (-8)/14 + (6 - 12828/(-7))?
2, 919
Let i(o) = o**2 + 3*o - 7. Let f be i(-5). Suppose -f*p - 8 = -5*p, -4*t - 5*p = -320. List the prime factors of t.
3, 5
Let u = -128 - -130. Suppose 414 = 2*x - u*p + 54, 4*x + 5*p - 711 = 0. List the prime factors of x.
179
Suppose 0 = 6*n - 253 - 485. Suppose -4*u + 1010 = -2*r, r + 131 = u - n. List the prime factors of u.
251
Suppose -11*a = 24 + 86. What are the prime factors of (-177 - a)/(((-4)/2)/2)?
167
Suppose 2*k - 4*k + 6 = 0. Suppose 0 = k*b - 295 + 52. What are the prime factors of b?
3
Let k = -54 + 54. What are the prime factors of (k - -6) + -3 + 76?
79
Let k be (-14)/7*5/(-2). Suppose -3*w = -w - 102. Suppose 8*n - k*n - w = 0. List the prime factors of n.
17
Let r(u) = 31*u**2 - 26*u + 54. What are the prime factors of r(6)?
2, 3, 13
Let t be -3*(-5)/(-30)*-2*7. What are the prime factors of -1 + -1 + 98 + -7 + t?
2, 3
Suppose 3*k = 5*k. Suppose -5*g - 2*y = -355, -g + 89 = -k*g + 4*y. List the prime factors of g.
3, 23
Let i = 131 - 98. Suppose -2*u - 4*j + 14 + 26 = 0, -3*u + 51 = -3*j. Let a = i - u. What are the prime factors of a?
3, 5
Let d(h) = 5*h - 10. Let z be d(4). Suppose -3*f + 34 = 5*t + 10, -z = -t + 2*f. Suppose -4*n + t = -2*n. List the prime factors of n.
3
Let s(c) = -c**2 + 18*c + 18. Let w be s(19). What are the prime factors of (w - (-6 + 4))*-3 - -319?
2, 79
Let l(j) = -2*j**2 - 11*j + 9. Let t be l(-6). Suppose 0 = 3*y + g - 71, 9*y - 117 = 4*y - t*g. List the prime factors of y.
2, 3
Suppose 6 = -2*x, l + 5*x - 17 = 249. Suppose -4*u + s + 0*s + 283 = 0, -4*u + 3*s + l = 0. What are the prime factors of u?
71
Suppose -3*j = -4*k - 1071, 3*j - 1071 = -0*j + 5*k. What are the prime factors of j?
3, 7, 17
Let h = 1385 - 495. List the prime factors of h.
2, 5, 89
Suppose 3*p = -2*p + 40. Let s(z) be the first derivative of z**3/3 - 7*z**2/2 - 6*z + 6. List the prime factors of s(p).
2
Suppose -8*n = -4*n. Suppose 4*v = -n*v + 16. Suppose 2*d + y = v*y + 71, -y = 4*d - 121. List the prime factors of d.
31
Suppose -18*i + 2249 - 899 = 0. List the prime factors of i.
3, 5
Let u = -52 - -2. What are the prime factors of (-10)/u - (-139)/5?
2, 7
Suppose -11*u + 4246 - 429 = 0. Suppose 0 = -4*w - 3*s + u, 2*w - 2*s - 141 = 3*s. List the prime factors of w.
83
What are the prime factors of -1569*(12/(-40) - 328/240)?
5, 523
Let m(h) = h**2 - 5*h - 58. List the prime factors of m(11).
2
Suppose 14*b = 40707 + 8573. List the prime factors of b.
2, 5, 11
Let g = -7 + 12. Suppose 0 = 2*b + s, -2*b - 3*b - g*s = 0. Let p = b + 19. List the prime factors of p.
19
Suppose 3*i + 2*u - 2409 = 3*u, 0 = 4*i - 2*u - 3214. List the prime factors of i.
2, 401
Let w(f) = f**2 + f - 4. Let y be w(2). Suppose -12 + 3 = -3*d, -3*d + 85 = y*b. List the prime factors of b.
2, 19
Suppose 0 = -6*c - 480 - 180. Let h = c - -205. What are the prime factors of h?
5, 19
List the prime factors of 214 + (-16)/12*3.
2, 3, 5, 7
Suppose -4*d = d - 3*y - 1260, -3*y = -15. Let h = -179 + d. List the prime factors of h.
2, 19
Suppose -1097 = -5*i + 1148. Suppose -3*m = -7*m + 5*d + i, -2*d = -2*m + 224. List the prime factors of m.
3, 37
Let h(c) = -4*c**3 - 6*c - 1. Let m be h(3). Let r = 178 + m. List the prime factors of r.
3, 17
Let o be 0/(-1 + -3) - -37. Suppose 7*l - 8*l + o = 0. What are the prime factors of l?
37
Suppose 59 = 4*f - 65. Suppose 15 = -3*z, -5*z - f + 11 = o. Suppose 30 = m - 2*n, 3*m - o*n - 91 = -0*n. List the prime factors of m.
2
What are the prime factors of (6795/(-30))/((-9)/12)?
2, 151
Let s be (-18)/(-12)*(-4)/(-6). Let y(p) = 2*p**3 + p**2. Let c be y(s). Suppose 4*q = -c*b + 6*b + 76, -19 = -q - 5*b. What are the prime factors of q?
19
Let o = 179 - -202. Let m = o - 261. What are the prime factors of m?
2, 3, 5
Let g(x) = -6*x - 14. Let m(o) = -6*o - 14. Let q(i) = 6*g(i) - 5*m(i). Let a(h) = -3*h - 7. Let z(w) = 13*a(w) - 6*q(w). List the prime factors of z(-3).
2
Suppose 26*p = 10*p + 5072. What are the prime factors of p?
317
List the prime factors of 98*(-10 - (-9 + -38)).
2, 7, 37
Let w(m) = m**2 - 5*m + 58. List the prime factors of w(-15).
2, 179
Let y(s) = 6*s**3 + 4*s - 2. Let h be y(3). Let n = h - 102. List the prime factors of n.
2, 5, 7
Let i = -60 - -86. Let y = i + 24. What are the prime factors of y?
2, 5
Let y(f) = f**2 - 4*f - 12. Let n = -24 + 19. List the prime factors of y(n).
3, 11
Suppose -5*i - 3*v = -2582, -2*i + 712 = -2*v - 324. What are the prime factors of i?
11, 47
Let o = 124 + -97. What are the prime factors of o?
3
Let r(j) = 3*j**2 - 37*j + 58. What are the prime factors of r(14)?
2
Let j = 6 - 1. Suppose k - 21 = -3*h + 6, -j*k - h = -93. What are the prime factors of k?
2, 3
What are the prime factors of -8 + (226 - (-1 - -2))?
7, 31
Let v be (1/3)/(7/(-987)). Let l = 59 + v. What are the prime factors of l?
2, 3
Suppose -4*c - 219 = -3*v + 538, 231 = v + 4*c. What are the prime factors of v?
13, 19
Suppose -3*u + 5*y + 19 = -0*y, -5*u + 3*y = -37. Let l be u - (-4 + 7)/1. Suppose -5*k + 5*a = -3*k - 17, 0 = -3*k + l*a + 28. List the prime factors of k.
11
Let c be (-2)/2*(4 - 0). Suppose 4*g - 5 = -4*d + 63, d - 5*g = 29. Let q = d - c. What are the prime factors of q?
23
Let d(t) = -t**3 - 10*t**2 + 13*t + 8. Suppose -33 = -27*k + 30*k. Let v be d(k). Let g = v + 16. List the prime factors of g.
2
Let n be (2 - 0)/((26/(-4))/13). List the prime factors of n/22 - ((-13375)/55)/1.
3
Suppose -4*w + 55 = 115. List the prime factors of 2080/12 - 10/w.
2, 3, 29
List the prime factors of (6/9)/(12/54)*27.
3
List the prime factors of (-24)/(-28) + (-207153)/(-63).
11, 13, 23
Let b(k) = 24*k**2 - 2*k + 1. Let r(m) = -m**2 + m + 4. Let i be r(4). Let z(o) = o + 9. Let v be z(i). List the prime factors of b(v).
23
What are the prime factors of ((-3944)/(-646) - (-2)/(-19)) + 3700?
2, 17, 109
Let l(q) = 526*q**2 + 7*q - 3. List the prime factors of l(2).
3, 5, 47
Suppose -29 = -4*i + 19. Suppose 15*x - i*x - 255 = 0. List the prime factors of x.
5, 17
Let z(d) = 16*d**3 - 7*d**2 - 7*d + 8. Let h(f) = 2*f**3 - f**2 - 2*f + 1. Let l(v) = 5*h(v) - z(v). Let j be 0 + 2*(-2 + 1). List the prime factors of l(j).
59
Let o = 67 - 64. Suppose -o*z = -2*z - 17. List the prime factors of z.
17
Let x = -139 + 244. Suppose 0 = -2*q - 68 - 82. Let g = x + q. List the prime factors of g.
2, 3, 5
Let l = 6 - 4. Let j be -93 + (-4)/l + 2. What are the prime factors of (-4 - -7)*j/(-9)?
31
Suppose -3*l + 4*n = -4055, 8727 = 5*l + 4*n + 1958. What are the prime factors of l?
3, 11, 41
Let j(p) = 58*p - 230. What are the prime factors of j(20)?
2, 3, 5, 31
Let c = -1 + 58. Suppose -52*q = -c*q + 350. What are the prime factors of q?
2, 5, 7
Suppose 2642 = 2*r - 4*f, r = 3*r + 3*f - 2649. What are the prime factors of r?
3, 7
Suppose -25155 = -267*w + 262*w. List the prime factors of w.
3, 13, 43
Let s = 1674 + -1037. What are the prime factors of s?
7, 13
Suppose o + 169 = 5*y - o, 5*o = 15. Suppose 30*w = 26*w - 20. What are the prime factors of (-168)/w + 14/y?
2, 17
Let s = -2 + 607. What are the prime factors of s?
5, 11
Let q = 184 - 107. Let d be (-2)/((-6)/33)*11. Let n = d - q. What are the prime factors of n?
2, 11
Suppose 2*d - 8948 = -4*w + 5*w, 4464 = d + 2*w. List the prime factors of d.
2, 13, 43
Suppose 12 = -4*d - 4. Let r(p) = -p**3 - 3*p**2 + 5*p + 2. Let u be r(d). List the prime factors of 1/((-65)/35 - u).
7
Let y = -30 + 53. Let p = 25 - y. Suppose 28 = p*j - 94. What are the prime factors of j?
61
Suppose -484 = 5*o - 9*o. Suppose -4*q + 51 = -o. List the prime factors of q.
43
Let y = 3184 - 1817. List the prime factors of y.
1367
Let x = 9 - 18. Let i = -4 - x. Suppose 62 = 2*v + 2*o, i*v = -3*o + 156 - 7. List the prime factors of v.
2, 7
Suppose 78*u - 76*u = -380. Let r = -12